{"id":891,"date":"2023-12-17T01:49:55","date_gmt":"2023-12-17T01:49:55","guid":{"rendered":"https:\/\/workspace16.loremmedia-gmbh.com\/?page_id=891"},"modified":"2025-07-25T10:07:59","modified_gmt":"2025-07-25T10:07:59","slug":"impressum","status":"publish","type":"page","link":"https:\/\/fuehrerschein-frechen.de\/index.php\/impressum\/","title":{"rendered":"Impressum"},"content":{"rendered":"<style>.elementor-891 .elementor-element.elementor-element-342409a > .elementor-container{max-width:1200px;}.elementor-891 .elementor-element.elementor-element-342409a:not(.elementor-motion-effects-element-type-background), .elementor-891 .elementor-element.elementor-element-342409a > .elementor-motion-effects-container > .elementor-motion-effects-layer{background-color:#FFFFFF;background-image:url(\"https:\/\/fuehrerschein-frechen.de\/wp-content\/uploads\/2023\/12\/GFW-FS_Hintergrund_v11-scaled.jpg\");background-position:center center;background-size:cover;}.elementor-891 .elementor-element.elementor-element-342409a > .elementor-background-overlay{background-color:#FFFFFF;opacity:0.9;transition:background 0.3s, border-radius 0.3s, opacity 0.3s;}.elementor-891 .elementor-element.elementor-element-342409a{transition:background 0.3s, border 0.3s, border-radius 0.3s, box-shadow 0.3s;margin-top:0px;margin-bottom:0px;padding:0px 0px 20px 0px;}.elementor-891 .elementor-element.elementor-element-a08bf44 > .elementor-element-populated{padding:0px 0px 0px 0px;}.elementor-891 .elementor-element.elementor-element-38ab3b5{--spacer-size:250px;}.elementor-widget-heading .elementor-heading-title{font-family:var( --e-global-typography-primary-font-family ), Sans-serif;font-weight:var( --e-global-typography-primary-font-weight );color:var( --e-global-color-primary );}.elementor-891 .elementor-element.elementor-element-964ac12 .elementor-heading-title{font-family:\"Montserrat\", Sans-serif;font-weight:500;color:var( --e-global-color-4395e7f );}.elementor-891 .elementor-element.elementor-element-9dbea28{--spacer-size:50px;}.elementor-891 .elementor-element.elementor-element-9e70b73 > .elementor-container{max-width:1200px;}.elementor-891 .elementor-element.elementor-element-9e70b73:not(.elementor-motion-effects-element-type-background), .elementor-891 .elementor-element.elementor-element-9e70b73 > .elementor-motion-effects-container > .elementor-motion-effects-layer{background-color:#000000;}.elementor-891 .elementor-element.elementor-element-9e70b73{transition:background 0.3s, border 0.3s, border-radius 0.3s, box-shadow 0.3s;margin-top:0px;margin-bottom:0px;padding:0px 0px 0px 0px;}.elementor-891 .elementor-element.elementor-element-9e70b73 > .elementor-background-overlay{transition:background 0.3s, border-radius 0.3s, opacity 0.3s;}.elementor-891 .elementor-element.elementor-element-9990586 > .elementor-element-populated{padding:0px 0px 0px 0px;}.elementor-891 .elementor-element.elementor-element-611078c{--spacer-size:15px;}.elementor-891 .elementor-element.elementor-element-4a014d4 > .elementor-container{max-width:1200px;}.elementor-891 .elementor-element.elementor-element-4a014d4:not(.elementor-motion-effects-element-type-background), .elementor-891 .elementor-element.elementor-element-4a014d4 > .elementor-motion-effects-container > .elementor-motion-effects-layer{background-color:#FFFFFF;}.elementor-891 .elementor-element.elementor-element-4a014d4 > .elementor-background-overlay{background-color:#FFFFFF;opacity:0.9;transition:background 0.3s, border-radius 0.3s, opacity 0.3s;}.elementor-891 .elementor-element.elementor-element-4a014d4{transition:background 0.3s, border 0.3s, border-radius 0.3s, box-shadow 0.3s;margin-top:0px;margin-bottom:0px;padding:0px 0px 20px 0px;}.elementor-891 .elementor-element.elementor-element-b0ebed5 > .elementor-element-populated{padding:0px 50px 0px 0px;}.elementor-891 .elementor-element.elementor-element-2639a9b{--spacer-size:50px;}.elementor-widget-text-editor{font-family:var( --e-global-typography-text-font-family ), Sans-serif;font-weight:var( --e-global-typography-text-font-weight );color:var( --e-global-color-text );}.elementor-widget-text-editor.elementor-drop-cap-view-stacked .elementor-drop-cap{background-color:var( --e-global-color-primary );}.elementor-widget-text-editor.elementor-drop-cap-view-framed .elementor-drop-cap, .elementor-widget-text-editor.elementor-drop-cap-view-default .elementor-drop-cap{color:var( --e-global-color-primary );border-color:var( --e-global-color-primary );}.elementor-891 .elementor-element.elementor-element-24a5796{font-family:\"Montserrat\", Sans-serif;font-weight:400;color:var( --e-global-color-4395e7f );}.elementor-891 .elementor-element.elementor-element-15789a2 > .elementor-element-populated{padding:0px 0px 0px 0px;}.elementor-891 .elementor-element.elementor-element-fe4f3d9{--spacer-size:50px;}.elementor-891 .elementor-element.elementor-element-6f453d0{font-family:\"Montserrat\", Sans-serif;font-weight:400;color:var( --e-global-color-4395e7f );}:root{--page-title-display:none;}@media(max-width:1024px){.elementor-891 .elementor-element.elementor-element-342409a{margin-top:-5px;margin-bottom:0px;}.elementor-891 .elementor-element.elementor-element-9e70b73{margin-top:-5px;margin-bottom:0px;}.elementor-891 .elementor-element.elementor-element-4a014d4{margin-top:-5px;margin-bottom:0px;}}@media(max-width:767px){.elementor-891 .elementor-element.elementor-element-342409a{margin-top:-5px;margin-bottom:0px;}.elementor-891 .elementor-element.elementor-element-9e70b73{margin-top:-5px;margin-bottom:0px;}.elementor-891 .elementor-element.elementor-element-4a014d4{margin-top:-5px;margin-bottom:0px;}}<\/style>\t\t<div data-elementor-type=\"wp-page\" data-elementor-id=\"891\" class=\"elementor elementor-891\" data-elementor-post-type=\"page\">\n\t\t\t\t\t\t<section class=\"elementor-section elementor-top-section elementor-element elementor-element-342409a elementor-reverse-tablet elementor-reverse-mobile elementor-section-boxed elementor-section-height-default elementor-section-height-default\" data-id=\"342409a\" data-element_type=\"section\" data-e-type=\"section\" data-settings=\"{&quot;background_background&quot;:&quot;classic&quot;}\">\n\t\t\t\t\t\t\t<div class=\"elementor-background-overlay\"><\/div>\n\t\t\t\t\t\t\t<div class=\"elementor-container elementor-column-gap-default\">\n\t\t\t\t\t<div class=\"elementor-column elementor-col-100 elementor-top-column elementor-element elementor-element-a08bf44\" data-id=\"a08bf44\" data-element_type=\"column\" data-e-type=\"column\">\n\t\t\t<div class=\"elementor-widget-wrap elementor-element-populated\">\n\t\t\t\t\t\t<div class=\"elementor-element elementor-element-38ab3b5 elementor-widget elementor-widget-spacer\" data-id=\"38ab3b5\" data-element_type=\"widget\" data-e-type=\"widget\" data-widget_type=\"spacer.default\">\n\t\t\t\t<div class=\"elementor-widget-container\">\n\t\t\t\t\t\t\t<div class=\"elementor-spacer\">\n\t\t\t<div class=\"elementor-spacer-inner\"><\/div>\n\t\t<\/div>\n\t\t\t\t\t\t<\/div>\n\t\t\t\t<\/div>\n\t\t\t\t<div class=\"elementor-element elementor-element-964ac12 elementor-widget elementor-widget-heading\" data-id=\"964ac12\" data-element_type=\"widget\" data-e-type=\"widget\" data-widget_type=\"heading.default\">\n\t\t\t\t<div class=\"elementor-widget-container\">\n\t\t\t\t\t<h2 class=\"elementor-heading-title elementor-size-default\">Impressum<\/h2>\t\t\t\t<\/div>\n\t\t\t\t<\/div>\n\t\t\t\t<div class=\"elementor-element elementor-element-9dbea28 elementor-widget elementor-widget-spacer\" data-id=\"9dbea28\" data-element_type=\"widget\" data-e-type=\"widget\" data-widget_type=\"spacer.default\">\n\t\t\t\t<div class=\"elementor-widget-container\">\n\t\t\t\t\t\t\t<div class=\"elementor-spacer\">\n\t\t\t<div class=\"elementor-spacer-inner\"><\/div>\n\t\t<\/div>\n\t\t\t\t\t\t<\/div>\n\t\t\t\t<\/div>\n\t\t\t\t\t<\/div>\n\t\t<\/div>\n\t\t\t\t\t<\/div>\n\t\t<\/section>\n\t\t\t\t<section class=\"elementor-section elementor-top-section elementor-element elementor-element-9e70b73 elementor-reverse-tablet elementor-reverse-mobile elementor-section-boxed elementor-section-height-default elementor-section-height-default\" data-id=\"9e70b73\" data-element_type=\"section\" data-e-type=\"section\" data-settings=\"{&quot;background_background&quot;:&quot;classic&quot;}\">\n\t\t\t\t\t\t<div class=\"elementor-container elementor-column-gap-default\">\n\t\t\t\t\t<div class=\"elementor-column elementor-col-100 elementor-top-column elementor-element elementor-element-9990586\" data-id=\"9990586\" data-element_type=\"column\" data-e-type=\"column\">\n\t\t\t<div class=\"elementor-widget-wrap elementor-element-populated\">\n\t\t\t\t\t\t<div class=\"elementor-element elementor-element-611078c elementor-widget elementor-widget-spacer\" data-id=\"611078c\" data-element_type=\"widget\" data-e-type=\"widget\" data-widget_type=\"spacer.default\">\n\t\t\t\t<div class=\"elementor-widget-container\">\n\t\t\t\t\t\t\t<div class=\"elementor-spacer\">\n\t\t\t<div class=\"elementor-spacer-inner\"><\/div>\n\t\t<\/div>\n\t\t\t\t\t\t<\/div>\n\t\t\t\t<\/div>\n\t\t\t\t\t<\/div>\n\t\t<\/div>\n\t\t\t\t\t<\/div>\n\t\t<\/section>\n\t\t\t\t<section class=\"elementor-section elementor-top-section elementor-element elementor-element-4a014d4 elementor-reverse-tablet elementor-reverse-mobile elementor-section-boxed elementor-section-height-default elementor-section-height-default\" data-id=\"4a014d4\" data-element_type=\"section\" data-e-type=\"section\" data-settings=\"{&quot;background_background&quot;:&quot;classic&quot;}\">\n\t\t\t\t\t\t\t<div class=\"elementor-background-overlay\"><\/div>\n\t\t\t\t\t\t\t<div class=\"elementor-container elementor-column-gap-default\">\n\t\t\t\t\t<div class=\"elementor-column elementor-col-50 elementor-top-column elementor-element elementor-element-b0ebed5\" data-id=\"b0ebed5\" data-element_type=\"column\" data-e-type=\"column\">\n\t\t\t<div class=\"elementor-widget-wrap elementor-element-populated\">\n\t\t\t\t\t\t<div class=\"elementor-element elementor-element-2639a9b elementor-widget elementor-widget-spacer\" data-id=\"2639a9b\" data-element_type=\"widget\" data-e-type=\"widget\" data-widget_type=\"spacer.default\">\n\t\t\t\t<div class=\"elementor-widget-container\">\n\t\t\t\t\t\t\t<div class=\"elementor-spacer\">\n\t\t\t<div class=\"elementor-spacer-inner\"><\/div>\n\t\t<\/div>\n\t\t\t\t\t\t<\/div>\n\t\t\t\t<\/div>\n\t\t\t\t<div class=\"elementor-element elementor-element-24a5796 elementor-widget elementor-widget-text-editor\" data-id=\"24a5796\" data-element_type=\"widget\" data-e-type=\"widget\" data-widget_type=\"text-editor.default\">\n\t\t\t\t<div class=\"elementor-widget-container\">\n\t\t\t\t\t\t\t\t\t<div data-canvas-width=\"447.9933333333332\"><h5 id=\"seitenbetreiberisd5tmg\">Seitenbetreiber i.S.d. \u00a7 5 TMG<\/h5><p>Oliver Schwiening<br \/>Keimesstra\u00dfe 6-8<br \/>50226 Frechen<\/p><p>Email: info@gfw-fahrschulefrechen.de\u00a0<br \/>Tel.: 01573 7257552<\/p><h5 id=\"handelsregister\">Handelsregister<\/h5><p>Registergericht: Amtsgericht K\u00f6ln<br \/>Registernummer:\u00a0<\/p><h5 id=\"geschftsfhrer\">Gesch\u00e4ftsf\u00fchrer:<\/h5><p>Oliver Schwiening<\/p><\/div>\t\t\t\t\t\t\t\t<\/div>\n\t\t\t\t<\/div>\n\t\t\t\t\t<\/div>\n\t\t<\/div>\n\t\t\t\t<div class=\"elementor-column elementor-col-50 elementor-top-column elementor-element elementor-element-15789a2\" data-id=\"15789a2\" data-element_type=\"column\" data-e-type=\"column\">\n\t\t\t<div class=\"elementor-widget-wrap elementor-element-populated\">\n\t\t\t\t\t\t<div class=\"elementor-element elementor-element-fe4f3d9 elementor-widget elementor-widget-spacer\" data-id=\"fe4f3d9\" data-element_type=\"widget\" data-e-type=\"widget\" data-widget_type=\"spacer.default\">\n\t\t\t\t<div class=\"elementor-widget-container\">\n\t\t\t\t\t\t\t<div class=\"elementor-spacer\">\n\t\t\t<div class=\"elementor-spacer-inner\"><\/div>\n\t\t<\/div>\n\t\t\t\t\t\t<\/div>\n\t\t\t\t<\/div>\n\t\t\t\t<div class=\"elementor-element elementor-element-6f453d0 elementor-widget elementor-widget-text-editor\" data-id=\"6f453d0\" data-element_type=\"widget\" data-e-type=\"widget\" data-widget_type=\"text-editor.default\">\n\t\t\t\t<div class=\"elementor-widget-container\">\n\t\t\t\t\t\t\t\t\t<div data-canvas-width=\"447.9933333333332\">\n<div data-canvas-width=\"266.5813333333333\">\n<h5 id=\"inhaltlichverantwortlichergem55abs2rstv\">Inhaltlich Verantwortlicher gem\u00e4\u00df \u00a7 55 Abs. 2 RStV:<\/h5>\n<p>Oliver Schwiening<\/p>\n<h5 id=\"informationenzuronlinestreitbeilegung\">Informationen zur Online-Streitbeilegung:<\/h5>\n<p>Die Europ\u00e4ische Kommission stellt eine Plattform zur Online-Streitbeilegung (OS) bereit.<br>Diese Plattform finden Sie unter folgendem Link:&nbsp;<a href=\"https:\/\/ec.europa.eu\/consumers\/odr\/\" target=\"_blank\" rel=\"noopener\">https:\/\/ec.europa.eu\/consumers\/odr\/.<\/a><br>Verbraucher k\u00f6nnen diese Plattform nutzen, um ihre Streitigkeiten aus Online-Vertr\u00e4gen beizulegen.<\/p>\n<\/div>\n<\/div>\t\t\t\t\t\t\t\t<\/div>\n\t\t\t\t<\/div>\n\t\t\t\t\t<\/div>\n\t\t<\/div>\n\t\t\t\t\t<\/div>\n\t\t<\/section>\n\t\t\t\t<\/div>\n\t\t","protected":false},"excerpt":{"rendered":"<p>Impressum Seitenbetreiber i.S.d. \u00a7 5 TMG Oliver SchwieningKeimesstra\u00dfe 6-850226 Frechen Email: info@gfw-fahrschulefrechen.de\u00a0Tel.: 01573 7257552 Handelsregister Registergericht: Amtsgericht K\u00f6lnRegisternummer:\u00a0 Gesch\u00e4ftsf\u00fchrer: Oliver Schwiening Inhaltlich Verantwortlicher gem\u00e4\u00df \u00a7 55 Abs. 2 RStV: Oliver Schwiening Informationen zur Online-Streitbeilegung: Die Europ\u00e4ische Kommission stellt eine Plattform zur Online-Streitbeilegung (OS) bereit.Diese Plattform finden Sie unter folgendem Link:&nbsp;https:\/\/ec.europa.eu\/consumers\/odr\/.Verbraucher k\u00f6nnen diese Plattform nutzen, um [&hellip;]<\/p>\n","protected":false},"author":1,"featured_media":0,"parent":0,"menu_order":0,"comment_status":"closed","ping_status":"closed","template":"","meta":{"_monsterinsights_skip_tracking":false,"_monsterinsights_sitenote_active":false,"_monsterinsights_sitenote_note":"","_monsterinsights_sitenote_category":0,"footnotes":""},"class_list":["post-891","page","type-page","status-publish","hentry"],"yoast_head":"<!-- This site is optimized with the Yoast SEO plugin v27.1.1 - https:\/\/yoast.com\/product\/yoast-seo-wordpress\/ -->\n<title>Impressum - GFW by Olli<\/title>\n<meta name=\"robots\" content=\"noindex, follow, max-snippet:-1, max-image-preview:large, max-video-preview:-1\" \/>\n<meta property=\"og:locale\" content=\"de_DE\" \/>\n<meta property=\"og:type\" content=\"article\" \/>\n<meta property=\"og:title\" content=\"Impressum - GFW by Olli\" \/>\n<meta property=\"og:description\" content=\"Impressum Seitenbetreiber i.S.d. \u00a7 5 TMG Oliver SchwieningKeimesstra\u00dfe 6-850226 Frechen Email: info@gfw-fahrschulefrechen.de\u00a0Tel.: 01573 7257552 Handelsregister Registergericht: Amtsgericht K\u00f6lnRegisternummer:\u00a0 Gesch\u00e4ftsf\u00fchrer: Oliver Schwiening Inhaltlich Verantwortlicher gem\u00e4\u00df \u00a7 55 Abs. 2 RStV: Oliver Schwiening Informationen zur Online-Streitbeilegung: Die Europ\u00e4ische Kommission stellt eine Plattform zur Online-Streitbeilegung (OS) bereit.Diese Plattform finden Sie unter folgendem Link:&nbsp;https:\/\/ec.europa.eu\/consumers\/odr\/.Verbraucher k\u00f6nnen diese Plattform nutzen, um [&hellip;]\" \/>\n<meta property=\"og:url\" content=\"https:\/\/fuehrerschein-frechen.de\/index.php\/impressum\/\" \/>\n<meta property=\"og:site_name\" content=\"GFW by Olli\" \/>\n<meta property=\"article:modified_time\" content=\"2025-07-25T10:07:59+00:00\" \/>\n<meta name=\"twitter:card\" content=\"summary_large_image\" \/>\n<meta name=\"twitter:label1\" content=\"Gesch\u00e4tzte Lesezeit\" \/>\n\t<meta name=\"twitter:data1\" content=\"1\u00a0Minute\" \/>\n<script type=\"application\/ld+json\" class=\"yoast-schema-graph\">{\"@context\":\"https:\/\/schema.org\",\"@graph\":[{\"@type\":\"WebPage\",\"@id\":\"https:\/\/fuehrerschein-frechen.de\/index.php\/impressum\/\",\"url\":\"https:\/\/fuehrerschein-frechen.de\/index.php\/impressum\/\",\"name\":\"Impressum - GFW by Olli\",\"isPartOf\":{\"@id\":\"https:\/\/fuehrerschein-frechen.de\/#website\"},\"datePublished\":\"2023-12-17T01:49:55+00:00\",\"dateModified\":\"2025-07-25T10:07:59+00:00\",\"breadcrumb\":{\"@id\":\"https:\/\/fuehrerschein-frechen.de\/index.php\/impressum\/#breadcrumb\"},\"inLanguage\":\"de\",\"potentialAction\":[{\"@type\":\"ReadAction\",\"target\":[\"https:\/\/fuehrerschein-frechen.de\/index.php\/impressum\/\"]}]},{\"@type\":\"BreadcrumbList\",\"@id\":\"https:\/\/fuehrerschein-frechen.de\/index.php\/impressum\/#breadcrumb\",\"itemListElement\":[{\"@type\":\"ListItem\",\"position\":1,\"name\":\"Startseite\",\"item\":\"https:\/\/fuehrerschein-frechen.de\/\"},{\"@type\":\"ListItem\",\"position\":2,\"name\":\"Impressum\"}]},{\"@type\":\"WebSite\",\"@id\":\"https:\/\/fuehrerschein-frechen.de\/#website\",\"url\":\"https:\/\/fuehrerschein-frechen.de\/\",\"name\":\"GFW by Olli\",\"description\":\"\",\"potentialAction\":[{\"@type\":\"SearchAction\",\"target\":{\"@type\":\"EntryPoint\",\"urlTemplate\":\"https:\/\/fuehrerschein-frechen.de\/?s={search_term_string}\"},\"query-input\":{\"@type\":\"PropertyValueSpecification\",\"valueRequired\":true,\"valueName\":\"search_term_string\"}}],\"inLanguage\":\"de\"}]}<\/script>\n<!-- \/ Yoast SEO plugin. -->","yoast_head_json":{"title":"Impressum - GFW by Olli","robots":{"index":"noindex","follow":"follow","max-snippet":"max-snippet:-1","max-image-preview":"max-image-preview:large","max-video-preview":"max-video-preview:-1"},"og_locale":"de_DE","og_type":"article","og_title":"Impressum - GFW by Olli","og_description":"Impressum Seitenbetreiber i.S.d. \u00a7 5 TMG Oliver SchwieningKeimesstra\u00dfe 6-850226 Frechen Email: info@gfw-fahrschulefrechen.de\u00a0Tel.: 01573 7257552 Handelsregister Registergericht: Amtsgericht K\u00f6lnRegisternummer:\u00a0 Gesch\u00e4ftsf\u00fchrer: Oliver Schwiening Inhaltlich Verantwortlicher gem\u00e4\u00df \u00a7 55 Abs. 2 RStV: Oliver Schwiening Informationen zur Online-Streitbeilegung: Die Europ\u00e4ische Kommission stellt eine Plattform zur Online-Streitbeilegung (OS) bereit.Diese Plattform finden Sie unter folgendem Link:&nbsp;https:\/\/ec.europa.eu\/consumers\/odr\/.Verbraucher k\u00f6nnen diese Plattform nutzen, um [&hellip;]","og_url":"https:\/\/fuehrerschein-frechen.de\/index.php\/impressum\/","og_site_name":"GFW by Olli","article_modified_time":"2025-07-25T10:07:59+00:00","twitter_card":"summary_large_image","twitter_misc":{"Gesch\u00e4tzte Lesezeit":"1\u00a0Minute"},"schema":{"@context":"https:\/\/schema.org","@graph":[{"@type":"WebPage","@id":"https:\/\/fuehrerschein-frechen.de\/index.php\/impressum\/","url":"https:\/\/fuehrerschein-frechen.de\/index.php\/impressum\/","name":"Impressum - GFW by Olli","isPartOf":{"@id":"https:\/\/fuehrerschein-frechen.de\/#website"},"datePublished":"2023-12-17T01:49:55+00:00","dateModified":"2025-07-25T10:07:59+00:00","breadcrumb":{"@id":"https:\/\/fuehrerschein-frechen.de\/index.php\/impressum\/#breadcrumb"},"inLanguage":"de","potentialAction":[{"@type":"ReadAction","target":["https:\/\/fuehrerschein-frechen.de\/index.php\/impressum\/"]}]},{"@type":"BreadcrumbList","@id":"https:\/\/fuehrerschein-frechen.de\/index.php\/impressum\/#breadcrumb","itemListElement":[{"@type":"ListItem","position":1,"name":"Startseite","item":"https:\/\/fuehrerschein-frechen.de\/"},{"@type":"ListItem","position":2,"name":"Impressum"}]},{"@type":"WebSite","@id":"https:\/\/fuehrerschein-frechen.de\/#website","url":"https:\/\/fuehrerschein-frechen.de\/","name":"GFW by Olli","description":"","potentialAction":[{"@type":"SearchAction","target":{"@type":"EntryPoint","urlTemplate":"https:\/\/fuehrerschein-frechen.de\/?s={search_term_string}"},"query-input":{"@type":"PropertyValueSpecification","valueRequired":true,"valueName":"search_term_string"}}],"inLanguage":"de"}]}},"_links":{"self":[{"href":"https:\/\/fuehrerschein-frechen.de\/index.php\/wp-json\/wp\/v2\/pages\/891","targetHints":{"allow":["GET"]}}],"collection":[{"href":"https:\/\/fuehrerschein-frechen.de\/index.php\/wp-json\/wp\/v2\/pages"}],"about":[{"href":"https:\/\/fuehrerschein-frechen.de\/index.php\/wp-json\/wp\/v2\/types\/page"}],"author":[{"embeddable":true,"href":"https:\/\/fuehrerschein-frechen.de\/index.php\/wp-json\/wp\/v2\/users\/1"}],"replies":[{"embeddable":true,"href":"https:\/\/fuehrerschein-frechen.de\/index.php\/wp-json\/wp\/v2\/comments?post=891"}],"version-history":[{"count":13,"href":"https:\/\/fuehrerschein-frechen.de\/index.php\/wp-json\/wp\/v2\/pages\/891\/revisions"}],"predecessor-version":[{"id":2231,"href":"https:\/\/fuehrerschein-frechen.de\/index.php\/wp-json\/wp\/v2\/pages\/891\/revisions\/2231"}],"wp:attachment":[{"href":"https:\/\/fuehrerschein-frechen.de\/index.php\/wp-json\/wp\/v2\/media?parent=891"}],"curies":[{"name":"wp","href":"https:\/\/api.w.org\/{rel}","templated":true}]}}